?
14
What is the highest common divisor of 192 and 61584?
48
What is the greatest common divisor of 1305 and 8055?
45
What is the highest common factor of 27467 and 22?
11
Calculate the highest common divisor of 1660 and 27805.
415
Calculate the greatest common factor of 6430 and 248198.
1286
Calculate the greatest common divisor of 4 and 4202.
2
Calculate the highest common factor of 104 and 2711176.
104
Calculate the highest common factor of 2416 and 2706524.
604
What is the highest common factor of 100 and 2080900?
100
What is the greatest common factor of 931 and 98?
49
What is the greatest common factor of 33296 and 72?
8
Calculate the highest common factor of 162179 and 1778.
127
What is the highest common factor of 11947 and 269267?
919
What is the greatest common divisor of 1575 and 23310?
315
Calculate the highest common divisor of 13 and 3923.
1
What is the highest common divisor of 2028 and 650?
26
What is the greatest common factor of 15 and 4299?
3
Calculate the highest common divisor of 628251 and 507.
39
What is the highest common factor of 60576 and 192?
96
Calculate the highest common divisor of 72 and 341888.
8
What is the greatest common factor of 384 and 130512?
48
Calculate the highest common factor of 40 and 5585.
5
What is the highest common factor of 98904 and 2392?
104
What is the greatest common factor of 8157671 and 493?
493
Calculate the greatest common factor of 19129 and 235.
47
Calculate the highest common factor of 821114 and 28.
14
What is the greatest common factor of 3086469 and 119?
17
Calculate the highest common factor of 84511 and 224.
7
What is the highest common factor of 15977 and 13?
13
Calculate the greatest common factor of 91670 and 196730.
1030
Calculate the greatest common factor of 122 and 77348.
122
What is the highest common factor of 29852 and 544?
68
What is the greatest common divisor of 8989 and 1691?
89
What is the greatest common divisor of 16499139 and 2127?
2127
What is the greatest common divisor of 16100 and 111734?
322
Calculate the greatest common factor of 657 and 2271.
3
What is the greatest common factor of 3429 and 3821049?
1143
Calculate the greatest common divisor of 358220 and 135.
5
Calculate the greatest common divisor of 5 and 44665.
5
Calculate the highest common factor of 150501 and 454.
227
What is the greatest common factor of 6188 and 1648?
4
Calculate the highest common factor of 40414 and 3340.
334
What is the greatest common divisor of 1140 and 1804392?
228
What is the greatest common factor of 1730 and 4680?
10
Calculate the highest common factor of 12782055 and 65.
65
What is the highest common factor of 677963 and 286?
143
Calculate the greatest common divisor of 30885 and 3219.
87
Calculate the highest common divisor of 104575 and 125.
25
What is the greatest common divisor of 981665 and 170?
85
What is the greatest common divisor of 48402 and 306?
18
Calculate the greatest common factor of 72 and 93336.
24
Calculate the greatest common factor of 48 and 173136.
48
Calculate the greatest common divisor of 28194 and 42926.
254
Calculate the greatest common factor of 16601 and 326912.
1277
Calculate the greatest common factor of 1806 and 9261.
21
What is the highest common factor of 9592 and 5632?
88
Calculate the highest common divisor of 2022 and 18.
6
What is the greatest common divisor of 747082 and 559?
43
What is the highest common factor of 6399 and 2313?
9
What is the highest common factor of 77096 and 91342?
838
Calculate the highest common divisor of 375286 and 806.
62
Calculate the greatest common divisor of 193515 and 90.
15
Calculate the greatest common factor of 1010870 and 392.
98
What is the highest common factor of 450 and 302625?
225
Calculate the highest common divisor of 87366 and 54.
6
Calculate the greatest common divisor of 10622 and 174246.
226
Calculate the greatest common factor of 410 and 170.
10
What is the greatest common divisor of 108170 and 1450?
290
Calculate the highest common divisor of 44764 and 1805.
361
What is the highest common factor of 666 and 14346?
18
Calculate the highest common divisor of 1156221 and 1188.
297
What is the greatest common divisor of 11943 and 54?
9
Calculate the greatest common factor of 24 and 1113.
3
What is the highest common factor of 4729648 and 242?
242
What is the greatest common factor of 48 and 373068?
12
What is the greatest common factor of 309 and 12566?
103
Calculate the greatest common divisor of 17588 and 4.
4
Calculate the greatest common divisor of 603 and 48039.
201
Calculate the highest common factor of 255297 and 399.
21
What is the greatest common factor of 757223 and 218?
109
What is the highest common factor of 48 and 37932?
12
Calculate the greatest common divisor of 108222 and 510.
102
Calculate the highest common factor of 10 and 199105.
5
What is the highest common divisor of 413975 and 725?
725
Calculate the greatest common factor of 371140 and 33.
11
Calculate the highest common factor of 1385096 and 32.
8
Calculate the highest common factor of 3496 and 11096.
152
Calculate the highest common factor of 51816 and 5712.
408
What is the highest common factor of 94051 and 1467?
163
What is the highest common divisor of 8588 and 36612?
452
What is the greatest common factor of 60 and 1160844?
12
What is the highest common factor of 1335 and 8655?
15
Calculate the highest common divisor of 36601 and 153.
17
Calculate the greatest common divisor of 54 and 1031166.
18
Calculate the highest common divisor of 44 and 119680.
44
Calculate the greatest common factor of 45646 and 319.
29
What is the greatest common divisor of 24020 and 100?
20
Calculate the greatest common factor of 26372 and 380.
76
What is the highest common factor of 11825 and 430?
215
What is the greatest common factor of 645560 and 40?
40
What is the greatest common divisor of 25578 and 638?
58
Calculate the greatest common divisor of 1157 and 1335.
89
What is the highest common divisor of 687528 and 648?
648
Calculate the greatest common divisor of 7093 and 368663.
173
Calculate the highest common factor of 35384 and 12.
4
What is the greatest common factor of 400233 and 712?
89
What is the highest common factor of 4983 and 40227?
33
What is the greatest common factor of 438 and 140379?
219
What is the greatest common factor of 2173 and 328?
41
Calculate the highest common divisor of 31 and 621674.
31
Calculate the highest common divisor of 151016 and 344.
344
What is the greatest common factor of 1526 and 387386?
218
What is the highest common factor of 40 and 10916?
4
What is the highest common divisor of 4454106 and 6?
6
Calculate the greatest common divisor of 118 and 944059.
59
Calculate the highest common divisor of 44492 and 98784.
196
Calculate the greatest common divisor of 1174030 and 33.
11
What is the greatest common factor of 168 and 35448?
168
What is the greatest common factor of 260 and 2110?
10
What is the greatest common divisor of 375874 and 142?
142
What is the highest common divisor of 99 and 69507?
9
What is the highest common divisor of 193772 and 502?
502
What is the greatest common factor of 78096 and 96?
48
What is the highest common divisor of 1608 and 1618653?
201
Calculate the greatest common divisor of 65534 and 6944.
434
Calculate the highest common factor of 67586 and 282.
94
Calculate the highest common factor of 25252 and 2714.
118
Calculate the highest common divisor of 1235 and 9595.
95
Calculate the highest common divisor of 1956 and 96.
12
Calculate the greatest common divisor of 32 and 23612.
4
Calculate the highest common divisor of 128 and 132096.
128
What is the highest common factor of 13 and 212719?
13
What is the highest common divisor of 51948 and 27?
27
Calculate the highest common divisor of 148 and 149332.
148
What is the greatest common factor of 667343 and 22864?
1429
Calculate the highest common divisor of 79100 and 113.
113
What is the greatest common divisor of 10134 and 126?
18
Calculate the greatest common divisor of 2158263 and 45.
9
Calculate the highest common divisor of 1338588 and 342.
342
What is the highest common divisor of 250 and 1022375?
125
Calculate the greatest common factor of 2794 and 23114.
254
Calculate the greatest common divisor of 710